s digit of (-1290)/(-20)*(2 - a)?
1
Let d = -31900 - -38419. What is the units digit of d?
9
Let q = 68399 - 38215. What is the thousands digit of q?
0
Let n = -32344 + 81450. What is the hundreds digit of n?
1
Suppose 55 = 11*s - 6*s - 2*t, 3*t = -2*s + 22. Suppose -s*j - 43 = -12308. What is the units digit of j?
5
Let d be ((-256)/(-40))/(1/645). Let o be 64/16 - -8*(182 + -1). Suppose -12*b + d = o. What is the hundreds digit of b?
2
Let j be 2*2/(-22) - (-35128)/88. Let q(f) = -6*f + 5*f**2 + 399 - j. What is the tens digit of q(3)?
2
Let r = 71 - 51. Let l = 24 - r. Suppose 35*x + l = 39*x. What is the units digit of x?
1
Let j be (-5 - 2 - -4)*1/3. What is the tens digit of (14/(-6))/(j/39)?
9
Let d(b) = 2*b + 9*b**3 - 11 + b**3 - 4*b**3 - 7*b**2 - 5*b**3. Let c be d(7). Suppose 4*t = c*z - 131, z + t - 56 + 10 = 0. What is the units digit of z?
5
What is the units digit of (-14)/5 - (-64)/80 - (-6257 + 1)?
4
What is the thousands digit of (51 + -43)*(1 - 3223/(-4))?
6
Suppose -p - 15*c + 10161 = -12*c, 5*p + 5*c = 50825. What is the thousands digit of p?
0
Let g(h) = -15 + 11*h**3 - 12*h**3 - 13*h - 9*h**2 - 6*h**2. Let x = -209 - -194. What is the hundreds digit of g(x)?
1
What is the ten thousands digit of -6 + 29059/2 - 66/(-44)?
1
Let c(t) = 12405*t**2 + 1087*t - 1086. What is the thousands digit of c(1)?
2
Suppose -5*f + 5*a + 24130 = 0, 3*f + 2*f - 24094 = -a. What is the hundreds digit of f?
8
Suppose 2*m - 3*l = 2310, 13*m - 5*l = 6*m + 8107. What is the hundreds digit of m?
1
Let s(i) = -16*i**3 - 7*i**2 - 11*i - 129. What is the thousands digit of s(-9)?
1
Let f be (-18)/(-4)*(6 - 4). Let p(z) = -z**3 + 9*z**2 + 15. Let u be p(f). Suppose -2*r - u = -3*r. What is the tens digit of r?
1
Suppose 53 = d + p, 22 = d - 4*p - 46. What is the tens digit of 2/(-7) + (5 - (-9312)/d)?
7
Let i = -114 - -116. Let y(u) = 39*u**3 - 2*u**2 + 11*u - 16. What is the units digit of y(i)?
0
Suppose -l + 2*i = 5*i + 1, 4*l - 4*i - 12 = 0. Suppose -124 = l*k - 644. What is the units digit of k?
0
Let q(o) = -o**2 + 2*o + 26. Let v be q(-4). Suppose -4*l + 169 = -5*c - 525, -c = -v*l + 350. What is the units digit of l?
6
Let o = -2636 + 7320. Suppose 8*k + 4696 = 3*g + 3*k, -3*g + o = k. What is the tens digit of g?
6
What is the tens digit of ((30839680/480)/((-4)/6))/(-2)?
8
Let k(u) = -u**3 + 90*u**2 + 314*u - 228. What is the tens digit of k(92)?
3
Suppose 4*n - 10*n = -174. What is the units digit of n/(-116)*296/(-2)?
7
Suppose c - 10 = -4*k, -5*k + 3*c - 2 = -3*k. Suppose -4*n - 792 = -8*n - 4*u, k = 2*u. What is the tens digit of n?
9
Suppose -2*h - 33 = -2*g + 3*g, h + 4*g = 1. Let b = 20 + h. What is the tens digit of (-1486)/(-8) - (b + 25/(-20))?
8
Let x = 110 + -315. What is the hundreds digit of -1*(0 + -6 + x)?
2
Let r(p) = p**2 - 10*p + 40. Let b be r(5). Let v be (2/(-5))/(-3 - (-42)/b). Suppose -z + 3*z = v*x + 54, -z - 4*x = -7. What is the tens digit of z?
2
Let q be 16/(-6) - 1/3. Suppose 3*f = -23 - 22. What is the units digit of ((-4)/(-10))/(q/f)?
2
Suppose 30 = 2*c - 3*s - 30, 90 = 3*c + 2*s. Let k be (-20 - -24)*(4 - 5). What is the units digit of 1*(670/c - k/6)?
3
Suppose -3*z - 7 = -10*z. Let x(m) = 493*m + 3. What is the hundreds digit of x(z)?
4
Suppose -4*p + 18 = -2*p - g, -3*p = 5*g - 40. Let b(i) = -4*i - 3*i + 1 - p*i - 2*i. What is the units digit of b(-3)?
8
Let s(a) = 4*a + 26*a**2 + 45 + 33 - 72. What is the hundreds digit of s(3)?
2
Let f = -5071 + 51522. What is the hundreds digit of f?
4
Suppose 5*r = -3*j + 4*j - 5, j - 5 = 3*r. Suppose u + 9 = 2*s - 687, 1743 = j*s - u. What is the tens digit of s?
4
What is the hundreds digit of 3/(-27 - -18) - (-40520)/6?
7
Let a(p) = -p**3 - 36*p**2 + p + 50. Let l be a(-36). Let b(u) = -u**3 + 27*u**2 - 111*u + 12. What is the hundreds digit of b(l)?
0
Let s = 7413 - 592. What is the tens digit of s?
2
Suppose 3 = -3*r, -2*m = 3*m - 3*r + 12. Let t(x) be the third derivative of -x**4/3 + x**3/6 + 2*x**2. What is the units digit of t(m)?
5
Suppose 14*k - 15224 = 34938. What is the tens digit of k?
8
Let n be -4 - (-321 + 15/3). Suppose -17*h - n = -20*h. Suppose 0 = 23*r - 21*r - h. What is the tens digit of r?
5
Let z(c) be the first derivative of -c**3 - 157*c**2/2 - 38*c - 104. What is the tens digit of z(-26)?
1
Suppose 55*m = 22*m + 165. Suppose -6194 = -m*d + b - 5*b, 5*d = -5*b + 6190. What is the thousands digit of d?
1
Let a = -680 - -1796. What is the hundreds digit of a?
1
Suppose -5*u - 12 = 4*z, -4*u = -u - 2*z - 6. Suppose -12 = 5*q - u*n + 3*n, -3*n = 12. Suppose q = 4*j + 10 - 422. What is the units digit of j?
3
Let s(d) be the first derivative of 4*d**3/3 + 17*d**2/2 + 21*d - 197. What is the tens digit of s(-11)?
1
Let k(o) = 3*o**2 + 10*o - 4. Let v(u) = -14*u**2 - 53*u + 19. Let q(c) = 11*k(c) + 2*v(c). What is the tens digit of q(-11)?
5
Let m(r) = -9*r - 10 - 4*r - 32*r. Let u be m(-3). Suppose 0 = -5*o + 520 + u. What is the units digit of o?
9
Let d = 243 - 230. Let g(t) = 5*t + 0 + 2 + 4*t. What is the hundreds digit of g(d)?
1
Let z(l) = l**2 - 25*l - 127. Let p be z(-14). Suppose 15*c = 12271 + p. What is the units digit of c?
6
Let g(f) = 187*f**3 + 2*f - 1 + 2 - 518*f**3. Let u be g(-1). Suppose -3*c = -v + 116, 3*v - 3*c = -0*v + u. What is the hundreds digit of v?
1
Suppose -5*k - 92 = 4*o, -5*o + 4*k - 94 - 62 = 0. What is the hundreds digit of o/112 + (-6794)/(-8)?
8
What is the thousands digit of ((-340)/(-238))/((-1)/(-29190))?
1
Suppose -l - 12648 = -4*q, 5*q + 2*l = 8086 + 7737. What is the tens digit of q?
6
Let q(u) = 2*u**2 - 27 - 2*u**2 + 3*u + 37 + u**2 - 7*u. What is the units digit of q(-3)?
1
Let h be 4 - ((-30)/(-8) + (-3)/(-12)). Suppose h = 5*a - v - 383, -33 = -a + 3*v + 52. What is the units digit of a?
6
Let l(k) be the third derivative of 0*k - 16*k**2 - 5/3*k**3 - 3/8*k**4 + 0 - 3/20*k**5 - 1/120*k**6. What is the tens digit of l(-9)?
7
Let l = -1461 + 2886. Let d = l + -671. What is the tens digit of d?
5
Let o be (-1 + 4/3)*(-10 + 31). Let p = o + -11. What is the tens digit of 1*(-220)/15*18/p?
6
What is the tens digit of 312546/65 - 24/10?
0
Suppose -398*n + 2537368 = -1442131 - 1878265. What is the hundreds digit of n?
7
Suppose 7 - 13 = -2*y. Suppose 2*r - 286 = y*p + 258, 2*p = -2*r + 564. What is the tens digit of r?
7
Suppose 5*f + 720 = -1620. Let w = f + 1321. What is the tens digit of w?
5
Suppose -1781 = -5*y - 291. Suppose -4*i + i - 2*h = -628, -4*i = -4*h - 824. Let l = y - i. What is the tens digit of l?
9
Suppose -751*m + 745*m + 96600 = 0. Suppose -27*d = -17*d - m. What is the thousands digit of d?
1
What is the units digit of 2810*(-2 + (847/14)/11)?
5
What is the thousands digit of 3/2*(-11969468)/(-399)?
4
Suppose 79820 = -18*v + 212678. What is the hundreds digit of v?
3
Let a be ((-3)/3 + 0)*(6 - 582). Suppose 26*m = 20*m + a. What is the units digit of m?
6
Let q(a) = 1271*a**2 + 4*a - 1. Let t(v) = 3812*v**2 + 11*v - 3. Let o(b) = 17*q(b) - 6*t(b). Let i be o(-1). What is the hundreds digit of i/(-9) + 52/12 + -5?
1
Let p be 342*(25/15)/5. Suppose p*x = 120*x - 264. What is the units digit of x?
4
Let a(i) = -3*i + 54. Let h be a(18). Suppose h = 4*k + 8, 3*y + 4*k - 6 = 1. Suppose y*n = 4*n + 125. What is the hundreds digit of n?
1
Let v be 30/(-5) - (-264)/11. What is the units digit of 18/(-81) - (-15808)/v?
8
Suppose 7*s + 3340 = 17*s. Let q = s - -484. What is the hundreds digit of q?
8
Let t = -321 + 565. Suppose -3965 = 231*v - t*v. What is the tens digit of v?
0
Let b(x) = -7567*x - 143. What is the units digit of b(-1)?
4
Let w(l) = l**3 - 3*l**2 - 15*l - 24. Let y be w(11). Let g = -555 + y. What is the units digit of g?
4
Let d(k) = -k**3 - 2*k**2 + k - 4. Let t = 93 - 96. Let z be d(t). Suppose q + n - 24 + 1 = 0, 0 = 4*q + z*n - 92. What is the tens digit of q?
2
Let j(a) = a**2 + 4. Let i be j(-5). Suppose i - 287 = -2*z. What is the hundreds digit of z?
1
Suppose 0 = -2*g - 2*n, -4*g + g = 2*n + 3. What is the units digit of 20/15 + (-1 - 1853/g)?
8
Suppose -o = 91 - 101. Suppose o*p - 6240 = -6*p. What is the hundreds digit of p?
3
Let u(b) be the first derivative of -b**3/3 - 4*b**2 + 14*b + 22. Let o be u(-9). Suppose -o = 6*k - k, -4*m - k + 679 = 0. What is the 